f 2498804283?
4
What is the ten thousands digit of 20222712?
2
What is the millions digit of 871584673?
1
What is the ten millions digit of 38021789?
3
What is the hundred thousands digit of 182132446?
1
What is the ten millions digit of 30548924?
3
What is the billions digit of 5453807869?
5
What is the ten thousands digit of 4791142632?
4
What is the hundreds digit of 584247514?
5
What is the hundred thousands digit of 150839666?
8
What is the ten thousands digit of 337819490?
1
What is the billions digit of 1398824833?
1
What is the units digit of 30854814?
4
What is the tens digit of 21075863?
6
What is the ten thousands digit of 18703337?
0
What is the ten millions digit of 1586327725?
8
What is the millions digit of 5610505534?
0
What is the units digit of 2838123223?
3
What is the hundreds digit of 102271516?
5
What is the millions digit of 178525788?
8
What is the thousands digit of 5951267995?
7
What is the thousands digit of 65601044?
1
What is the hundreds digit of 1342553490?
4
What is the ten millions digit of 1688925621?
8
What is the millions digit of 1355260448?
5
What is the ten millions digit of 89941612?
8
What is the hundred millions digit of 1982440092?
9
What is the hundred millions digit of 136174886?
1
What is the billions digit of 1148636897?
1
What is the hundreds digit of 97833142?
1
What is the ten millions digit of 396397014?
9
What is the units digit of 36447838?
8
What is the billions digit of 2355674505?
2
What is the hundreds digit of 249255734?
7
What is the millions digit of 2956939092?
6
What is the tens digit of 302600373?
7
What is the ten thousands digit of 2875164037?
6
What is the units digit of 1276215139?
9
What is the millions digit of 440407598?
0
What is the millions digit of 5787217488?
7
What is the units digit of 64350619?
9
What is the tens digit of 3855263?
6
What is the thousands digit of 265225826?
5
What is the hundred thousands digit of 16176597?
1
What is the thousands digit of 210765687?
5
What is the hundreds digit of 2540144013?
0
What is the units digit of 2436205150?
0
What is the ten millions digit of 100983463?
0
What is the hundreds digit of 1442762517?
5
What is the hundred thousands digit of 57008315?
0
What is the hundred millions digit of 3736482693?
7
What is the thousands digit of 1210049769?
9
What is the tens digit of 192471933?
3
What is the millions digit of 44644251?
4
What is the units digit of 4104241382?
2
What is the tens digit of 98558580?
8
What is the tens digit of 118398525?
2
What is the hundred thousands digit of 76850423?
8
What is the ten millions digit of 53859368?
5
What is the hundred thousands digit of 70491940?
4
What is the millions digit of 1142980573?
2
What is the hundred millions digit of 360328554?
3
What is the thousands digit of 93342572?
2
What is the hundreds digit of 207924608?
6
What is the ten thousands digit of 155734795?
3
What is the thousands digit of 41934501?
4
What is the tens digit of 673199436?
3
What is the units digit of 898487933?
3
What is the units digit of 430466271?
1
What is the hundred millions digit of 477460288?
4
What is the units digit of 194393322?
2
What is the millions digit of 111670740?
1
What is the tens digit of 353902313?
1
What is the hundred thousands digit of 108653944?
6
What is the thousands digit of 45653045?
3
What is the units digit of 500778201?
1
What is the thousands digit of 28145794?
5
What is the hundred thousands digit of 169064074?
0
What is the ten thousands digit of 101492341?
9
What is the thousands digit of 2872149765?
9
What is the millions digit of 40112467?
0
What is the hundred thousands digit of 19507441?
5
What is the ten millions digit of 1609969664?
0
What is the hundreds digit of 3199740806?
8
What is the ten thousands digit of 44928002?
2
What is the hundred thousands digit of 17867650?
8
What is the hundred thousands digit of 6605160?
6
What is the hundreds digit of 75294014?
0
What is the tens digit of 5664176513?
1
What is the millions digit of 74196234?
4
What is the hundreds digit of 85112627?
6
What is the hundred millions digit of 246758245?
2
What is the thousands digit of 398979369?
9
What is the units digit of 260866727?
7
What is the hundreds digit of 145259728?
7
What is the ten millions digit of 466520535?
6
What is the thousands digit of 165263842?
3
What is the millions digit of 612663864?
2
What is the ten thousands digit of 4247523670?
2
What is the tens digit of 6350019?
1
What is the ten thousands digit of 24262670?
6
What is the tens digit of 2715013688?
8
What is the hundreds digit of 2059593278?
2
What is the ten millions digit of 4636201943?
3
What is the hundreds digit of 2394088341?
3
What is the tens digit of 2908428053?
5
What is the billions digit of 2330202889?
2
What is the millions digit of 139939523?
9
What is the ten thousands digit of 8168209564?
0
What is the millions digit of 1727040068?
7
What is the tens digit of 8298228?
2
What is the hundred millions digit of 170467371?
1
What is the hundreds digit of 269489414?
4
What is the millions digit of 66963123?
6
What is the ten thousands digit of 242722033?
2
What is the thousands digit of 1039742357?
2
What is the hundred thousands digit of 116496903?
4
What is the ten millions digit of 51867919?
5
What is the hundred thousands digit of 153431544?
4
What is the hundreds digit of 6192863?
8
What is the hundreds digit of 28018055?
0
What is the thousands digit of 1325398126?
8
What is the billions digit of 1059564127?
1
What is the hundreds digit of 224701594?
5
What is the hundreds digit of 1231004468?
4
What is the hundred millions digit of 243272943?
2
What is the thousands digit of 504653778?
3
What is the millions digit of 201698505?
1
What is the ten thousands digit of 1047824176?
2
What is the tens digit of 47144700?
0
What is the millions digit of 2092913631?
2
What is the tens digit of 33927975?
7
What is the ten thousands digit of 353378197?
7
What is the hundred thousands digit of 535981659?
9
What is the hundreds digit of 5775626?
6
What is the units digit of 35805114?
4
What is the thousands digit of 447732542?
2
What is the thousands digit of 2639848?
9
What is the thousands digit of 314633441?
3
What is the hundred thousands digit of 252450788?
4
What is the ten thousands digit of 52610796?
1
What is the ten thousands digit of 20593592?
9
What is the thousands digit of 1737784742?
4
What is the billions digit of 2455158632?
2
What is the hundred thousands digit of 41722877?
7
What is the hundreds digit of 966882992?
9
What is the hundred millions digit of 284332185?
2
What is the billions digit of 4683505328?
4
What is the thousands digit of 105783240?
3
What is the thousands digit of 3635355896?
5
What is the hundred millions digit of 335791528?
3
What is the hundred thousands digit of 116920089?
9
What is the billions digit of 3954506216?
3
What is the units digit of 25137613?
3
What is the ten millions digit of 2987288870?
8
What is the ten thousands digit of 553280859?
8
What is the millions digit of 339472479?
9
What is the millions digit of 20480198?
0
What is the tens digit of 689063809?
0
What is the ten millions digit of 383197773?
8
What is the millions digit of 162002714?
2
What is the units digit of 50412367?
7
What is the hundred millions digit of 282312568?
2
What is the hundreds digit of 986938617?
6
What is the tens digit of 45074493?
9
What is the hundred millions digit of 806505455?
8
What is the tens digit of 302423136?
3
What is the hundred millions digit of 4167233743?
1
What is the units digit of 178820023?
3
What is the hundreds digit of 50857690?
6
What is the tens digit of 445715046?
4
What is the units digit of 1735811472?
2
What is the tens digit of 9124450364?
6
What is the hundred millions digit of 2859482170?
8
What is the units digit of 2302196271?
1
What is the millions digit of 5239782163?
9
What is the hundred millions digit of 8728947719?
7
What is the hundred millions digit of 189514315?
1
What is the tens digit of 388717408?
0
What is the thousands digit of 36522994?
2
What is the hundreds digit of 738835386?
3
What is the tens digit of 38559843?
4
What is the millions digit of 91106080?
1
What is the thousands digit of 13306197?
6
What is the 